 Calculate the highest common factor of v and 5.
5
Let t(z) = z**2 + 6*z - 126. Let c be t(-20). What is the greatest common divisor of c and 70?
14
Suppose 2*v + 2*h - 2116 = 0, -156*h + 158*h = -8. What is the greatest common divisor of 72 and v?
18
Suppose -5*b - 2*m + 180 = 0, 72 = 5*b + m - 113. Calculate the highest common factor of 323 and b.
19
Suppose -118*j + 122*j - 4 = 0. Calculate the greatest common factor of 25 and j.
1
Let f(b) be the third derivative of b**5/60 - b**4/24 + 21*b**3/2 - 12*b**2. Let l be f(0). Calculate the highest common divisor of l and 42.
21
Suppose -29*h - 10 = -24*h. Let s be 1177/66 - h/12. What is the highest common factor of 90 and s?
18
Let g = 1401 + -1399. Calculate the greatest common factor of 386 and g.
2
Let f be 124/12 + 6/9. Let k = -35 + 37. Let z be (-1106)/(-98) + k/(-7). What is the highest common factor of z and f?
11
Let b(r) = -13*r**3 + r**2 + 2*r + 1. Let u be b(-2). What is the greatest common factor of 21 and u?
21
Suppose -27*x + 50*x = 920. Calculate the greatest common divisor of x and 176.
8
Let p(b) = -b**3 - 6*b**2 - 8*b + 10. Let l be p(-7). Suppose y + 2*g - 5 - 49 = 0, -250 = -5*y - 5*g. What is the highest common divisor of l and y?
23
Suppose x = 5*l + 161, 5*l - 6*l + 322 = 2*x. Calculate the highest common divisor of x and 126.
7
Suppose -3*j - 4*c = -2, 2*j + 0*j + 8 = -5*c. Let l = 16 - 4. Suppose -q + 4*v = -l, 3*v = j*v - 6. What is the highest common divisor of 200 and q?
20
Suppose 4*x - 2 = 2*x + p, -4*x = 2*p - 20. Suppose 136 = 5*q + x*q. Calculate the highest common divisor of 34 and q.
17
Let g be (44/(-77))/((-7)/294). What is the highest common factor of 192 and g?
24
Let i = 3 - 0. Suppose i*a + 0*a + 12 = 0. Let b be 4 - -1*(a + 3). What is the highest common divisor of b and 3?
3
Let y = 946 - 271. What is the greatest common factor of y and 25?
25
Let a = 10 + -7. Suppose 11 = a*o - 4. Let h(b) = b**3 - 3*b**2 + 2*b. Let y be h(o). What is the greatest common factor of y and 20?
20
Let u(a) = 16*a**2 + 1. Let o be u(-1). Suppose 2*m - 18 + 4 = -2*x, 3*x = -m + o. Suppose -m*p = -86 - 234. Calculate the highest common divisor of 32 and p.
32
Let n be 475 + -2 - (-5 + 8 - -2). What is the highest common divisor of n and 13?
13
Let n(h) = 8 - 54*h + 56*h + 2*h**3 + 36 + h**2. Let o be n(0). What is the highest common factor of o and 66?
22
Suppose -4*g - 5*w + 1012 = 0, -w + 886 + 358 = 5*g. Calculate the highest common divisor of 8 and g.
8
Suppose 3*a - 1 = 11. Suppose 105 = a*y + y. Let f = 279 + -195. What is the greatest common divisor of y and f?
21
Let v be -43 - -36 - 2/(2/(-147)). Let c(i) = 21*i**2 + 2*i + 1. Let y be c(-1). Calculate the highest common factor of v and y.
20
Suppose 49 - 14 = d + 5*n, 4*d = -4*n + 92. Let c be (-1)/(-3 - 299/(-100)). Calculate the greatest common factor of c and d.
20
Suppose -3*f = 2*f - 35. What is the greatest common factor of 1 and f?
1
Suppose 577 = 2*q + z, 0 = -3*q - 0*z - z + 863. Suppose -u + n = 5*n - 26, 4*u + 4*n = 104. What is the greatest common divisor of u and q?
26
Let i(a) = a**3 + 6*a**2 - 2*a - 6. Let z be i(-5). Suppose -4*c + 7 + z = 0. Calculate the highest common divisor of c and 1.
1
Suppose 5*o + 7 = 3*v, 6 = v + 5*o - 3. Suppose -3*x + 8 = 4*z, v*x + 8 = 4*z - 0*z. Calculate the highest common divisor of z and 6.
2
Let p be (-27*1)/(1 + -2). Let n = -11 - -13. Suppose -107 - 55 = -n*z. What is the greatest common divisor of z and p?
27
Let a(x) = 30*x - 12. Let u be a(10). Calculate the greatest common factor of u and 64.
32
Let h(d) = -d**3 - 2*d**2 + 26*d - 13. Let u be h(-7). Calculate the highest common divisor of u and 2.
2
Let p(b) be the first derivative of -b**3/3 - 11*b**2/2 + 5*b + 2. Let c be p(-7). Let j be 1 - (-5*2 - 0). Calculate the highest common divisor of j and c.
11
Let t(p) = -p**3 + 5*p**2 - 4*p. Let m be t(3). Suppose -5*n = -5*d - 13*n + 28, 2*d = -n + 9. What is the highest common divisor of d and m?
2
Let u(x) = -88*x - 21. Let c be u(-3). What is the highest common factor of 9 and c?
9
Let m(t) = -66*t**3 + t**2 - 1. Let n be m(-1). Suppose -n = 2*q - 458. Let y = -100 + q. Calculate the greatest common factor of y and 12.
12
Let o be ((-182)/(-6))/((-105)/(-45) + -2). Suppose -33 = -c + 4*a, -3*c = a - 0*a - 34. What is the highest common factor of c and o?
13
Suppose -4*q = -3*w - 1282, -5*w + w + 1268 = 4*q. What is the highest common divisor of q and 33?
11
Suppose -80 = -4*h + 2*h + 4*y, 2*h + y - 85 = 0. Let o = h - 29. Calculate the greatest common divisor of 117 and o.
13
Let l(i) = 5*i**3 - 3*i**2 + 4. Let m be l(1). Calculate the greatest common factor of 258 and m.
6
Let j = 898 - 790. Let k = 23 - 14. Calculate the highest common factor of k and j.
9
Suppose 4*n - 5*n = -4. Suppose n*j - 20 = -j. Suppose 0 = j*m + d - 35, m - 2*m = 3*d - 17. What is the greatest common factor of 2 and m?
2
Let s = 12 - -6. Suppose 0 = 2*f + 4*h - s, -15 - 43 = -4*f + 3*h. What is the greatest common divisor of 104 and f?
13
Let w(u) = -u**3 + 9*u**2 + u - 8. Let p be w(9). Suppose o + o = -2. Let r be 5 - (4 + o - p). Calculate the greatest common factor of 12 and r.
3
Let f be ((-728)/208)/((-1)/6). What is the greatest common factor of f and 154?
7
Let s be 43/9 + (-10)/(-45). Suppose -4*v + s*m + 71 = -0*m, 4*v - 106 = -2*m. Suppose 39 + 17 = 7*h. What is the highest common factor of v and h?
8
Let t = -1 - 0. Let a = t + 23. Suppose 2*i + i = -12, 0 = 3*v - 4*i - 478. What is the highest common divisor of a and v?
22
Suppose -z - 2 = -10. Suppose s + 1 = 3. Let o be (s/4 + 0)*4. What is the highest common divisor of o and z?
2
Suppose 3*n + 5*f - 1438 = 3*f, 0 = -2*n - 5*f + 955. Calculate the highest common factor of n and 24.
24
Let w = -15 - -31. Let o = 1 - -7. What is the highest common factor of w and o?
8
Suppose -8 = 19*q - 46. Calculate the greatest common factor of 10 and q.
2
Let j(c) be the first derivative of -c**4/4 - 2*c**3 + 7*c**2 + 8*c - 6. Let g be j(-8). Suppose -5*k = g - 79. What is the highest common factor of 99 and k?
11
Suppose 0*l - 680 = 5*l. Let g = 251 + l. What is the greatest common factor of g and 23?
23
Suppose -7*r - 1135 = -1177. What is the highest common divisor of 226 and r?
2
Let i(t) = 11*t**3 - t**2 - t - 1. Let m be i(-1). Let v be m/(-54) - 79/(-9). Let l = -1 + v. What is the highest common divisor of l and 24?
8
Suppose 4*k - t = 257, -14*t = k - 19*t - 69. Calculate the greatest common factor of 36 and k.
4
Let d = -1388 + 1488. What is the highest common divisor of 175 and d?
25
Let r = -40 + 56. Suppose 0 = 5*k + r - 1136. Suppose -k = f - 8*f. What is the greatest common factor of 4 and f?
4
Let s be -7 + 11 - 9 - -518. What is the greatest common factor of s and 19?
19
Suppose 5 = -8*s + 9*s. Suppose 11 + s = a. What is the highest common factor of a and 128?
16
Let h = -27 + 29. Let x be 5*(-2 + 12/5). Calculate the highest common divisor of x and h.
2
Let c be 4/((-55)/(-15) + -3). Let v be (-2)/((-1)/9*-3). Let x be (-8 + 7)*v/2. What is the greatest common factor of x and c?
3
Let d be -1 + 2 + -4 - (-207)/1. Calculate the highest common factor of d and 36.
12
Let z(l) = 14*l + 63. Let o be z(2). What is the greatest common divisor of 161 and o?
7
Suppose -5*k = -4*m - 2791, -870 = -3*k - 5*m + 775. What is the greatest common divisor of 15 and k?
15
Let a(o) = -23*o**3 + 2*o**2 - 2. Suppose -k = k - 3*w + 5, 2*w - 2 = 0. Let d be a(k). What is the highest common factor of d and 92?
23
Let m be (10 - (0 + 0))/(0 - -2). Suppose -x - 89 = -2*n, 203 + 18 = m*n - x. Suppose 10 = 4*j - 6. What is the highest common factor of n and j?
4
Let h = -56 - -54. Let l be (-22)/h - (4 + (1 - 4)). Let a be (-1 - -5)*1/2. Calculate the highest common factor of l and a.
2
Suppose -1312 = -5*a + 7593. What is the greatest common divisor of a and 13?
13
Let g(j) = -14*j**2 - j**3 - 6 + j + 19*j**2 + 4. Let p be g(5). Suppose -p*y + 19 - 7 = 0, 0 = -a + y + 27. What is the highest common divisor of a and 31?
31
Let m be (-8)/((-40)/(-3))*-5. Suppose m*p = -0*p - 6, 4*p = 3*z - 74. What is the highest common divisor of z and 33?
11
Let x be 21 - (-8 + (4 - 3)). What is the greatest common divisor of 112 and x?
28
Let y = -8